{"id":272,"date":"2020-04-30T20:32:08","date_gmt":"2020-04-30T18:32:08","guid":{"rendered":"http:\/\/adj-info.ocean.icm.edu.pl\/?page_id=272"},"modified":"2021-01-14T08:33:11","modified_gmt":"2021-01-14T07:33:11","slug":"witamy","status":"publish","type":"page","link":"https:\/\/adj.ifispan.pl\/","title":{"rendered":"Witamy"},"content":{"rendered":"\n<p>Witamy w <strong>Archiwum Danych Jako\u015bciowych<\/strong> Instytutu Filozofii i Socjologii PAN <strong>(ADJ)<\/strong>, najstarszym polskim archiwum cyfrowym gromadz\u0105cym, opracowuj\u0105cym i udost\u0119pniaj\u0105cym materia\u0142y (dane badawcze) pochodz\u0105ce ze spo\u0142ecznych bada\u0144 jako\u015bciowych.<\/p>\n\n\n\n<p>Archiwum \u0142\u0105czy zadania repozytorium dzia\u0142aj\u0105cego na rzecz otwierania zasob\u00f3w nauki oraz tradycyjnego (cho\u0107 cyfrowego) archiwum, kt\u00f3re chroni dziedzictwo nauk spo\u0142ecznych. Zesp\u00f3\u0142 ADJ podejmuje r\u00f3wnie\u017c aktywno\u015b\u0107 naukow\u0105 w duchu rewizyt badawczych i reanalizy ju\u017c istniej\u0105cych danych.<\/p>\n\n\n\n<p><strong>Badaczom<\/strong>, kt\u00f3rzy realizuj\u0105 w\u0142asne projekty lub pracuj\u0105 na wnioskami grantowymi, ADJ zapewnia miejsce, w kt\u00f3rym mog\u0105 deponowa\u0107&nbsp; i udost\u0119pnia\u0107 pozyskane dane, co umo\u017cliwi spe\u0142nienie wymog\u00f3w wielu grantodawc\u00f3w. Mo\u017cna tu r\u00f3wnie\u017c uzyska\u0107 dost\u0119p do danych innych badaczy i wykorzysta\u0107 je we w\u0142asnej pracy &#8211; do por\u00f3wna\u0144, uzupe\u0142nie\u0144 czy ponownych analiz.<\/p>\n\n\n\n<p><strong>Dydaktykom<\/strong>, prowadz\u0105cym np. kursy metodologii nauk spo\u0142ecznych, ADJ daje dost\u0119p do danych z zako\u0144czonych projekt\u00f3w badawczych. W wi\u0119kszo\u015bci zbior\u00f3w materia\u0142om badawczym towarzyszy dodatkowa dokumentacja metodologiczna, co umo\u017cliwia przeprowadzenie problemowych seminari\u00f3w badawczych.<\/p>\n\n\n\n<p><strong>Studentom<\/strong> nauk spo\u0142ecznych zbiory ADJ mog\u0105 s\u0142u\u017cy\u0107 za inspiracj\u0119 w ich w\u0142asnych projektach badawczych czy pracach dyplomowych.<\/p>\n\n\n\n<p><strong>Wszystkim zainteresowanym<\/strong> ADJ umo\u017cliwia zapoznanie si\u0119 z tradycj\u0105 socjologicznych bada\u0144 jako\u015bciowych. W\u015br\u00f3d zbior\u00f3w dost\u0119pnych w Archiwum warto wyr\u00f3\u017cni\u0107 te pochodz\u0105ce z klasycznych dla socjologii polskiej bada\u0144 J\u00f3zefa Obr\u0119bskiego, Stanis\u0142awa Ossowskiego czy El\u017cbiety Tarkowskiej.<\/p>\n\n\n\n<p>W ADJ stosujemy zasady FAIR, co oznacza, \u017ce dane s\u0105&nbsp; mo\u017cliwe do znalezienia (<strong>f<\/strong>indable), dost\u0119pne (<strong>a<\/strong>ccessible), intereoperacyjne (<strong>i<\/strong>nteroperable) i mo\u017cliwe do ponownego wykorzystania (<strong>r<\/strong>eusable). Ka\u017cdy zbi\u00f3r dost\u0119pny w ADJ opisany jest za pomoc\u0105 zestandaryzowanych metadanych oraz sta\u0142ego identyfikatora cyfrowego (DOI), kt\u00f3ry umo\u017cliwia cytowanie zbioru tak, jak cytuje si\u0119 publikacje naukowe.<\/p>\n","protected":false},"excerpt":{"rendered":"<p>Witamy w Archiwum Danych Jako\u015bciowych Instytutu Filozofii i Socjologii PAN (ADJ), najstarszym polskim archiwum cyfrowym gromadz\u0105cym, opracowuj\u0105cym i udost\u0119pniaj\u0105cym materia\u0142y (dane badawcze) pochodz\u0105ce ze spo\u0142ecznych bada\u0144 jako\u015bciowych. Archiwum \u0142\u0105czy zadania repozytorium dzia\u0142aj\u0105cego na rzecz otwierania zasob\u00f3w nauki oraz tradycyjnego (cho\u0107 cyfrowego) archiwum, kt\u00f3re chroni dziedzictwo nauk spo\u0142ecznych. Zesp\u00f3\u0142 ADJ podejmuje r\u00f3wnie\u017c aktywno\u015b\u0107 naukow\u0105 w duchu &#8230; <a title=\"Witamy\" class=\"read-more\" href=\"https:\/\/adj.ifispan.pl\/\" aria-label=\"Dowiedz si\u0119 wi\u0119cej o Witamy\">Dowiedz si\u0119 wi\u0119cej<\/a><\/p>\n","protected":false},"author":4,"featured_media":0,"parent":0,"menu_order":0,"comment_status":"closed","ping_status":"closed","template":"","meta":{"footnotes":""},"class_list":["post-272","page","type-page","status-publish"],"_links":{"self":[{"href":"https:\/\/adj.ifispan.pl\/index.php\/wp-json\/wp\/v2\/pages\/272","targetHints":{"allow":["GET"]}}],"collection":[{"href":"https:\/\/adj.ifispan.pl\/index.php\/wp-json\/wp\/v2\/pages"}],"about":[{"href":"https:\/\/adj.ifispan.pl\/index.php\/wp-json\/wp\/v2\/types\/page"}],"author":[{"embeddable":true,"href":"https:\/\/adj.ifispan.pl\/index.php\/wp-json\/wp\/v2\/users\/4"}],"replies":[{"embeddable":true,"href":"https:\/\/adj.ifispan.pl\/index.php\/wp-json\/wp\/v2\/comments?post=272"}],"version-history":[{"count":3,"href":"https:\/\/adj.ifispan.pl\/index.php\/wp-json\/wp\/v2\/pages\/272\/revisions"}],"predecessor-version":[{"id":383,"href":"https:\/\/adj.ifispan.pl\/index.php\/wp-json\/wp\/v2\/pages\/272\/revisions\/383"}],"wp:attachment":[{"href":"https:\/\/adj.ifispan.pl\/index.php\/wp-json\/wp\/v2\/media?parent=272"}],"curies":[{"name":"wp","href":"https:\/\/api.w.org\/{rel}","templated":true}]}}